ided by 9.
7
Let v(p) = -5*p**3 + 2*p**2 - 2. Let w be v(2). Calculate the remainder when (0 - -3) + (1 - w) is divided by 20.
18
Let u(v) be the first derivative of 2*v**3/3 + v**2 - v - 4. What is the remainder when u(5) is divided by 15?
14
What is the remainder when 63 is divided by (-2)/13 + 862/26?
30
Let g(j) = -j**3 - 6*j**2 - j - 4. What is the remainder when g(-6) is divided by 18/(-24)*(-12)/9?
0
Suppose 11*h - 15*h = -52. What is the remainder when 36 is divided by h?
10
Suppose -3 = d - 2. What is the remainder when ((-14)/(-3))/(d/(-3)) is divided by 8?
6
Suppose -3*s + 46 = -200. Let i = s - 43. Calculate the remainder when i is divided by 10.
9
Let y(d) = -d**2 - 4*d - 2. Let o be y(-4). Calculate the remainder when (-246)/(-8) - o/8 is divided by 8.
7
Let w(u) = 3*u**2 - 4*u - 2. Let o(i) = 4*i**2 - 5*i - 3. Let s(y) = 4*o(y) - 5*w(y). Calculate the remainder when 13 is divided by s(3).
6
Suppose j = 4*g, -5*j - 25 - 55 = -4*g. Let r = 30 + j. Suppose -4*o = -104 + 32. What is the remainder when o is divided by r?
8
Suppose z + 4 = 0, 34 = 2*j - 2*z + 2. What is the remainder when 29 is divided by j?
5
Let b be 0 - (-8*3)/(-1). Let s = b + 43. What is the remainder when s is divided by 7?
5
Suppose 4*l + 3 = -1, -5*c + 28 = -3*l. Suppose -2*x + 114 = -c*o, 4*x + o + 0*o - 206 = 0. Calculate the remainder when x is divided by 27.
25
Let g = -37 - -52. Suppose i = -3, -2*t = 2*t + 5*i - 157. Calculate the remainder when t is divided by g.
13
Suppose 2 = -a, -5*q + 4*a = -a - 160. Suppose 0*p + q = 2*g + p, 3*p + 8 = g. Calculate the remainder when 41 is divided by g.
13
Suppose -5*s + 4*p = -5, -4*s - 2*p = -0*p - 30. Let g(v) = v**3 - 4*v**2 - v - 7. What is the remainder when ((-6)/8)/((-3)/152) is divided by g(s)?
12
Suppose -8*b = -3*b - 35. What is the remainder when 1/(-3) + 68/6 is divided by b?
4
Let i be -1 + (-9)/(-5 + 2). Suppose 5*v = v - 4*o + 12, i*o = 4*v - 24. Calculate the remainder when 13 is divided by v.
3
Suppose -3*j = 4*n - 4, 5*n + 14 = 3*j - 8. What is the remainder when 11 is divided by (-30)/j*(-16)/20?
5
Suppose -89 = -4*c + 79. Let b = 11 - 11. Suppose -3*f + 3*l + 72 = b, 168 = 5*f + l + c. What is the remainder when f is divided by 13?
12
Let o(y) = 9*y - 1. Calculate the remainder when o(4) is divided by 9.
8
Let z = 34 - 10. What is the remainder when z is divided by 13?
11
Let x be 2/3*867/(-34). Let j(f) = -f. Calculate the remainder when 67 is divided by j(x).
16
Let q = -2 + 6. Suppose -c + 61 = 4*d, -3*d + c + 39 = q*c. Calculate the remainder when 46 is divided by d.
14
Suppose 3*g + 26 = 4*g. What is the remainder when g is divided by 10?
6
Let b be 0/(-2) + 5/1. Suppose 2*p = -5*f + 22, -3*f - b = 3*p - 20. What is the remainder when (1 + 0)*1/1 is divided by p?
0
Suppose -2*m + 83 - 19 = 0. Calculate the remainder when 157 is divided by m.
29
Let t = 42 - 14. Let h = 5 - -10. What is the remainder when t is divided by h?
13
Suppose -4*k + 43 = -3*k. What is the remainder when k is divided by 12?
7
Let r(w) = -w - 6. Let u be r(-13). Suppose -2*y + g - 127 = -u*y, -58 = -2*y + 2*g. What is the remainder when 51 is divided by y?
25
Let c(r) = -14*r - 3. Let f = 8 + 2. What is the remainder when c(-3) is divided by f?
9
Let h be (-1)/(345/(-171) - -2). Suppose f + 4*a = 28, 0 = -f + a + h - 19. Let j = f + -7. What is the remainder when j is divided by 15?
14
Let f = 76 - 33. What is the remainder when f is divided by (3/(-3))/(1/(-22))?
21
Let t = 8 + -3. Calculate the remainder when 60 is divided by 42/2*t/5.
18
Suppose -3*z = -4*j + 362, -j + 82 = -0*j - 5*z. Suppose n + 4 = -1, -5*n = 3*w - j. Let m(y) = 4*y - 6. Calculate the remainder when w is divided by m(5).
11
Let t(r) = -2*r - 1. Let k be t(-2). Let w(n) = 5*n - 2*n - 4 - k + 0*n. What is the remainder when w(10) is divided by 12?
11
Let k be (5/2)/((-2)/(-4)). Calculate the remainder when 7 is divided by (8/k)/((-10)/(-25)).
3
Let r = 0 - -1. Suppose r + 11 = g. What is the remainder when g is divided by 7?
5
Let g = -136 + 155. Calculate the remainder when 169 is divided by g.
17
Suppose -72 = -2*d + 2*b, -3*d = -b - 0*b - 104. What is the remainder when 99 is divided by d?
31
Let u = 128 + -122. What is the remainder when 21 is divided by u?
3
Suppose -37 = -2*n + 15. Suppose -y + n = -w, -y - 2*w = -33 - 5. Calculate the remainder when y is divided by 65/4 + 1/(-4).
14
Suppose -y + 1 = -4, -520 = -4*s - 4*y. Calculate the remainder when s is divided by 32.
29
Suppose 4*i - 213 = -37. What is the remainder when i is divided by 15?
14
Let a(o) = o**3 - 18*o**2 + 19*o - 18. Calculate the remainder when (1 - 2)*1 + 47 is divided by a(17).
14
Suppose 12*l = 13*l - 53. Calculate the remainder when l is divided by 19.
15
Suppose 2*f = 25 + 9. Calculate the remainder when f is divided by 5.
2
Let o be (40/(-16))/(1/2). Let f(d) = 2*d**2 - 3*d + 5. Let v(q) = -q**2 + q. Let s(a) = -f(a) - 3*v(a). What is the remainder when 58 is divided by s(o)?
18
Suppose -2*c + 10 = 5*g, -5*c - 3*g + 0 = -6. Let o be 0 - 0 - (-4 - c). Suppose v + 13 = 2*z, o*z - 3 = -4*v + 5. What is the remainder when 9 is divided by z?
4
Suppose 2*x - 58 = -5*m, -2*m + 4*x + 26 = 2*x. Let l = 2 - 8. What is the remainder when m is divided by (-3)/l + (-13)/(-2)?
5
Let z be (65/20 - 3)*-4. Let r(x) = -x - 4. Let f be r(-3). What is the remainder when z/(f/22*1) is divided by 12?
10
Let q = 886 - 875. Let p(i) = -i + 31. Calculate the remainder when p(0) is divided by q.
9
Let q = 3 - 4. Let p = 8 + q. What is the remainder when 11 is divided by (p/2)/((-5)/(-10))?
4
Suppose 4*o = -0*o + 156. Suppose 0 = -4*d - o + 143. What is the remainder when d is divided by 9?
8
Suppose -15 = -u + 41. What is the remainder when u is divided by 19?
18
Let q be 2/(-9) + (-152)/(-36). Suppose -80 = -q*p - 2*h, -5*p + 71 = -5*h - 44. Suppose -p - 24 = -5*z. Calculate the remainder when 17 is divided by z.
8
Let s(v) = -7*v - 28. What is the remainder when s(-8) is divided by (5/10)/(3/48)?
4
Suppose -7*t + 18 = -6*t. Calculate the remainder when 35 is divided by t.
17
Suppose 74 = 4*g + f + f, 5*g - 95 = -5*f. Let j = 29 - g. What is the remainder when 40 is divided by j?
7
Let w(x) = x**3 - 4*x**2 - x + 1. Let p be w(4). Let g = p + 2. What is the remainder when 10 is divided by (2 - 6*g) + -2?
4
Let f(y) = -2*y + 7. Calculate the remainder when 29 is divided by f(-4).
14
Let s = -3 + 5. Suppose 3*u - i = 2*i + 18, 5*u - s*i - 24 = 0. Calculate the remainder when u is divided by -3 + 7 + -3 + 1.
0
Suppose 5*t - 205 = -5*m, -5*m + t + 181 = -2*t. Calculate the remainder when 148 is divided by m.
34
Suppose p = -b + 3 + 1, 3*b = 5*p + 4. Suppose 0 = -0*i + b*i. What is the remainder when 0 + i + 75 - -2 is divided by 26?
25
Let v(g) = g**3 - 4*g**2 - 2*g + 4. Let w be -8*2*(-3)/12. Let o be v(w). What is the remainder when 43 is divided by o + 21 + (1 - 3)?
13
Calculate the remainder when 404/14 + 1/7 is divided by 12.
5
Let x(i) = -27*i - 1. Suppose 0 = 3*v + b + 2, -6*v + 5*b - 28 = -2*v. Let w(l) = 3*l**2 - 4*l + 3. What is the remainder when x(v) is divided by w(3)?
17
Let w = -3 + 0. Let y(q) = -7*q. Calculate the remainder when y(w) is divided by 8.
5
Suppose 4*k + 4 = 0, -2*d + 5 = -5*k + 2*k. Let m(s) = 3*s**3 + 3*s**2 - 2*s + 3. What is the remainder when m(2) is divided by (1 + -4)*(d + -5)?
11
Let o be 40/(-6) - (-4)/6. Let p = o + 6. Let y(d) = d**2 + d + 15. What is the remainder when 28 is divided by y(p)?
13
Let i = 12 - -12. Calculate the remainder when i is divided by 13.
11
Suppose 4*v = 30 + 62. Let d(b) = -4*b**2 - 2*b - 6. Let k(z) = -5*z**2 - z - 6. Let i(q) = -4*d(q) + 3*k(q). What is the remainder when v is divided by i(-6)?
11
Let o(u) be the second derivative of 0 + 1/6*u**3 + 1/12*u**4 + u + 11/2*u**2. What is the remainder when o(0) is divided by 4?
3
Suppose 3*k = 6, k - 4 = -2*j + 2*k. Let y = 3 + -5. Let m = 4 + y. Calculate the remainder when j is divided by m.
1
Let z(i) be the first derivative of i**3 - 3*i**2/2 - 3*i + 4. What is the remainder when z(-3) is divided by 17?
16
Let s = -10 - -13. Suppose -52 = -s*x + 41. Calculate the remainder when x is divided by 16.
15
Suppose 2*k - 15 = -3*k. Suppose k = -2*g + 3*g. What is the remainder when